{"id":1575,"date":"2025-12-02T17:23:39","date_gmt":"2025-12-02T20:23:39","guid":{"rendered":"https:\/\/www.paclog.com.br\/?post_type=wt_release&#038;p=1575"},"modified":"2025-12-29T12:01:29","modified_gmt":"2025-12-29T15:01:29","slug":"realizacao-de-ajustes-de-tarifas-teca-rec-2026-2","status":"publish","type":"wt_release","link":"https:\/\/www.paclog.com.br\/en\/comunicado\/realizacao-de-ajustes-de-tarifas-teca-rec-2026-2\/","title":{"rendered":"Realiza\u00e7\u00e3o de Ajustes de Tarifas \u2013 TECA REC 2026"},"content":{"rendered":"<div>\n<div class=\"x_elementToProof\" data-olk-copy-source=\"MessageBody\">\n<div>\n<div><span data-olk-copy-source=\"MessageBody\">Prezados(as) Clientes e Usu\u00e1rios(as),<\/span><\/div>\n<div><\/div>\n<div>A par de cumpriment\u00e1-los(as) e manifestando protestos de estima e considera\u00e7\u00e3o, a PAC LOG\u00cdSTICA E HANGARAGEM \u2013 Pac Log, gestora do Terminal de Cargas do Aeroporto Internacional de Recife \u2013 Guararapes, concedido \u00e0 AEROPORTOS DO NORDESTE DO BRASIL S\/A (AENA Brasil), apresenta-se para, em cumprimento ao comunicado emitido por essa Concession\u00e1ria (CARTA N\u00ba 23056ANB20251126\u00a0\u2013Assunto: Informativo \u2013 Tarif\u00e1rio 2026 \u2013 AEROPORTOS DO NORDESTE DO BRASIL S\/A Refer\u00eancia: Carta N\u00b0 22854ANB20251105 e 22979ANB20251113), repassar a V.S.as a proposta da Aena Brasil quanto aos novos valores para as tabelas de tarifas de armazenagem e capatazia. Por for\u00e7a do Contrato de Concess\u00e3o (n.\u00ba 001\/ANAC\/2019), firmado entre a Aena Brasil e a Ag\u00eancia Nacional de Avia\u00e7\u00e3o Civil (ANAC), como concession\u00e1ria do complexo aeroportu\u00e1rio em quest\u00e3o, incumbe \u00e0 Aena definir os valores das tarifas e promover a consulta \u00e0s partes interessadas relevantes.<\/div>\n<div>Dessa forma, por for\u00e7a de seu contrato com a Aena Brasil, na qualidade de gestora do TECA e canal de comunica\u00e7\u00e3o entre a Aena e V.S.as, a Pac Log comparece para transmitir as tarifas reajustadas das tabelas 2, 3 e 6, de acordo com o \u00edndice do IPCA de 4,68%, que entrar\u00e1 em vigor a partir de 01\/01\/2026:<\/div>\n<div>Tabelas reajustadas de acordo com o \u00edndice de IPCA de 4,68%:<\/div>\n<\/div>\n<\/div>\n<\/div>\n<div><\/div>\n<div><img loading=\"lazy\" width=\"2700\" height=\"2684\" class=\"aligncenter size-full wp-image-1594\" src=\"https:\/\/www.paclog.com.br\/wp-content\/uploads\/2025\/12\/Comunicados-site-Pac-log-2-1.png\" alt=\"\" srcset=\"https:\/\/www.paclog.com.br\/wp-content\/uploads\/2025\/12\/Comunicados-site-Pac-log-2-1.png 2700w, https:\/\/www.paclog.com.br\/wp-content\/uploads\/2025\/12\/Comunicados-site-Pac-log-2-1-300x298.png 300w, https:\/\/www.paclog.com.br\/wp-content\/uploads\/2025\/12\/Comunicados-site-Pac-log-2-1-150x150.png 150w, https:\/\/www.paclog.com.br\/wp-content\/uploads\/2025\/12\/Comunicados-site-Pac-log-2-1-1536x1527.png 1536w, https:\/\/www.paclog.com.br\/wp-content\/uploads\/2025\/12\/Comunicados-site-Pac-log-2-1-2048x2036.png 2048w, https:\/\/www.paclog.com.br\/wp-content\/uploads\/2025\/12\/Comunicados-site-Pac-log-2-1-12x12.png 12w\" sizes=\"(max-width: 2700px) 100vw, 2700px\" \/><\/div>\n<div>Al\u00e9m dessas mencionadas, a tabela 4 tamb\u00e9m ser\u00e1 reajusta de acordo com a portaria da ANAC N\u00ba 18.392\/SRA, de 10 de dezembro de 2025. Para o caso concreto, tem-se o IPCA2025 \u2013 relativo ao n\u00edvel de pre\u00e7os de novembro de 2025 e publicado pelo IBGE em dezembro de 2025 \u2013 correspondente a 7.378,94 e o IPCA2024 \u2013 relativo ao n\u00edvel de pre\u00e7os de novembro de 2024 e publicado pelo IBGE em dezembro de 2024 \u2013 correspondente a 7.063,77, resultando em uma varia\u00e7\u00e3o de IPCA2025\/IPCA2024 = 4,4618%.<\/div>\n<div><\/div>\n<div>Tabela reajustada de acordo com o IPCA de 4,4618%:<\/div>\n<div><img loading=\"lazy\" width=\"2700\" height=\"501\" class=\"aligncenter size-full wp-image-1592\" src=\"https:\/\/www.paclog.com.br\/wp-content\/uploads\/2025\/12\/Comunicados-site-Pac-log-1-1.png\" alt=\"\" srcset=\"https:\/\/www.paclog.com.br\/wp-content\/uploads\/2025\/12\/Comunicados-site-Pac-log-1-1.png 2700w, https:\/\/www.paclog.com.br\/wp-content\/uploads\/2025\/12\/Comunicados-site-Pac-log-1-1-300x56.png 300w, https:\/\/www.paclog.com.br\/wp-content\/uploads\/2025\/12\/Comunicados-site-Pac-log-1-1-1536x285.png 1536w, https:\/\/www.paclog.com.br\/wp-content\/uploads\/2025\/12\/Comunicados-site-Pac-log-1-1-2048x380.png 2048w, https:\/\/www.paclog.com.br\/wp-content\/uploads\/2025\/12\/Comunicados-site-Pac-log-1-1-18x3.png 18w\" sizes=\"(max-width: 2700px) 100vw, 2700px\" \/><\/div>\n<p><img loading=\"lazy\" class=\"aligncenter wp-image-1566\" src=\"https:\/\/www.paclog.com.br\/wp-content\/uploads\/2025\/11\/Logo_PacLog_Versao_Horizontal_Com_Manchete_01_Digital.png\" alt=\"\" width=\"255\" height=\"70\" srcset=\"https:\/\/www.paclog.com.br\/wp-content\/uploads\/2025\/11\/Logo_PacLog_Versao_Horizontal_Com_Manchete_01_Digital.png 735w, https:\/\/www.paclog.com.br\/wp-content\/uploads\/2025\/11\/Logo_PacLog_Versao_Horizontal_Com_Manchete_01_Digital-300x82.png 300w, https:\/\/www.paclog.com.br\/wp-content\/uploads\/2025\/11\/Logo_PacLog_Versao_Horizontal_Com_Manchete_01_Digital-18x5.png 18w\" sizes=\"(max-width: 255px) 100vw, 255px\" \/><\/p>\n<p>&nbsp;<\/p>\n<p>&nbsp;<\/p>\n<p>&nbsp;<\/p>\n<p>&nbsp;<\/p>","protected":false},"featured_media":0,"template":"","wt_release_cat":[3],"_links":{"self":[{"href":"https:\/\/www.paclog.com.br\/en\/wp-json\/wp\/v2\/wt_release\/1575"}],"collection":[{"href":"https:\/\/www.paclog.com.br\/en\/wp-json\/wp\/v2\/wt_release"}],"about":[{"href":"https:\/\/www.paclog.com.br\/en\/wp-json\/wp\/v2\/types\/wt_release"}],"wp:attachment":[{"href":"https:\/\/www.paclog.com.br\/en\/wp-json\/wp\/v2\/media?parent=1575"}],"wp:term":[{"taxonomy":"wt_release_cat","embeddable":true,"href":"https:\/\/www.paclog.com.br\/en\/wp-json\/wp\/v2\/wt_release_cat?post=1575"}],"curies":[{"name":"wp","href":"https:\/\/api.w.org\/{rel}","templated":true}]}}

Realização de Ajustes de Tarifas – TECA REC 2026

<div>
<div class="x_elementToProof" data-olk-copy-source="MessageBody">
<div>
<div><span data-olk-copy-source="MessageBody">Prezados(as) Clientes e Usuários(as),</span></div>
<div></div>
<div>A par de cumprimentá-los(as) e manifestando protestos de estima e consideração, a PAC LOGÍSTICA E HANGARAGEM – Pac Log, gestora do Terminal de Cargas do Aeroporto Internacional de Recife – Guararapes, concedido à AEROPORTOS DO NORDESTE DO BRASIL S/A (AENA Brasil), apresenta-se para, em cumprimento ao comunicado emitido por essa Concessionária (CARTA Nº 23056ANB20251126 –Assunto: Informativo – Tarifário 2026 – AEROPORTOS DO NORDESTE DO BRASIL S/A Referência: Carta N° 22854ANB20251105 e 22979ANB20251113), repassar a V.S.as a proposta da Aena Brasil quanto aos novos valores para as tabelas de tarifas de armazenagem e capatazia. Por força do Contrato de Concessão (n.º 001/ANAC/2019), firmado entre a Aena Brasil e a Agência Nacional de Aviação Civil (ANAC), como concessionária do complexo aeroportuário em questão, incumbe à Aena definir os valores das tarifas e promover a consulta às partes interessadas relevantes.</div>
<div>Dessa forma, por força de seu contrato com a Aena Brasil, na qualidade de gestora do TECA e canal de comunicação entre a Aena e V.S.as, a Pac Log comparece para transmitir as tarifas reajustadas das tabelas 2, 3 e 6, de acordo com o índice do IPCA de 4,68%, que entrará em vigor a partir de 01/01/2026:</div>
<div>Tabelas reajustadas de acordo com o índice de IPCA de 4,68%:</div>
</div>
</div>
</div>
<div></div>
<div><img loading="lazy" width="2700" height="2684" class="aligncenter size-full wp-image-1594" src="https://www.paclog.com.br/wp-content/uploads/2025/12/Comunicados-site-Pac-log-2-1.png" alt="" srcset="https://www.paclog.com.br/wp-content/uploads/2025/12/Comunicados-site-Pac-log-2-1.png 2700w, https://www.paclog.com.br/wp-content/uploads/2025/12/Comunicados-site-Pac-log-2-1-300x298.png 300w, https://www.paclog.com.br/wp-content/uploads/2025/12/Comunicados-site-Pac-log-2-1-150x150.png 150w, https://www.paclog.com.br/wp-content/uploads/2025/12/Comunicados-site-Pac-log-2-1-1536x1527.png 1536w, https://www.paclog.com.br/wp-content/uploads/2025/12/Comunicados-site-Pac-log-2-1-2048x2036.png 2048w, https://www.paclog.com.br/wp-content/uploads/2025/12/Comunicados-site-Pac-log-2-1-12x12.png 12w" sizes="(max-width: 2700px) 100vw, 2700px" /></div>
<div>Além dessas mencionadas, a tabela 4 também será reajusta de acordo com a portaria da ANAC Nº 18.392/SRA, de 10 de dezembro de 2025. Para o caso concreto, tem-se o IPCA2025 – relativo ao nível de preços de novembro de 2025 e publicado pelo IBGE em dezembro de 2025 – correspondente a 7.378,94 e o IPCA2024 – relativo ao nível de preços de novembro de 2024 e publicado pelo IBGE em dezembro de 2024 – correspondente a 7.063,77, resultando em uma variação de IPCA2025/IPCA2024 = 4,4618%.</div>
<div></div>
<div>Tabela reajustada de acordo com o IPCA de 4,4618%:</div>
<div><img loading="lazy" width="2700" height="501" class="aligncenter size-full wp-image-1592" src="https://www.paclog.com.br/wp-content/uploads/2025/12/Comunicados-site-Pac-log-1-1.png" alt="" srcset="https://www.paclog.com.br/wp-content/uploads/2025/12/Comunicados-site-Pac-log-1-1.png 2700w, https://www.paclog.com.br/wp-content/uploads/2025/12/Comunicados-site-Pac-log-1-1-300x56.png 300w, https://www.paclog.com.br/wp-content/uploads/2025/12/Comunicados-site-Pac-log-1-1-1536x285.png 1536w, https://www.paclog.com.br/wp-content/uploads/2025/12/Comunicados-site-Pac-log-1-1-2048x380.png 2048w, https://www.paclog.com.br/wp-content/uploads/2025/12/Comunicados-site-Pac-log-1-1-18x3.png 18w" sizes="(max-width: 2700px) 100vw, 2700px" /></div>
<p><img loading="lazy" class="aligncenter wp-image-1566" src="https://www.paclog.com.br/wp-content/uploads/2025/11/Logo_PacLog_Versao_Horizontal_Com_Manchete_01_Digital.png" alt="" width="255" height="70" srcset="https://www.paclog.com.br/wp-content/uploads/2025/11/Logo_PacLog_Versao_Horizontal_Com_Manchete_01_Digital.png 735w, https://www.paclog.com.br/wp-content/uploads/2025/11/Logo_PacLog_Versao_Horizontal_Com_Manchete_01_Digital-300x82.png 300w, https://www.paclog.com.br/wp-content/uploads/2025/11/Logo_PacLog_Versao_Horizontal_Com_Manchete_01_Digital-18x5.png 18w" sizes="(max-width: 255px) 100vw, 255px" /></p>
<p>&nbsp;</p>
<p>&nbsp;</p>
<p>&nbsp;</p>
<p>&nbsp;</p>
